{"id":337,"date":"2022-10-09T20:13:58","date_gmt":"2022-10-09T20:13:58","guid":{"rendered":"https:\/\/noiseteknoloji.com\/?page_id=337"},"modified":"2022-10-31T16:41:54","modified_gmt":"2022-10-31T16:41:54","slug":"s_serisi_datasheet","status":"publish","type":"page","link":"https:\/\/noiseteknoloji.com\/index.php\/s_serisi_datasheet\/","title":{"rendered":"S_Serisi_Datasheet"},"content":{"rendered":"<p>[vc_row][vc_column width=&#8221;1\/2&#8243;][vc_single_image image=&#8221;340&#8243; img_size=&#8221;medium&#8221; alignment=&#8221;center&#8221;][vc_single_image image=&#8221;342&#8243; img_size=&#8221;medium&#8221; alignment=&#8221;center&#8221;][\/vc_column][vc_column width=&#8221;1\/2&#8243;][vc_column_text]<strong>\u00d6ZELL\u0130KLER<\/strong><\/p>\n<ul>\n<li>USB 2.0 USB A male to Type-C Micro, Lightning male connector<\/li>\n<li>Kullan\u0131labilir uzunluk\u00a0 0.5, 1,2 , 1.5,m<\/li>\n<li>PVC Metaryel<\/li>\n<li>\u00a0Bak\u0131r<\/li>\n<li>Siyah, beyaz ve talep edilen di\u011fer renkler<\/li>\n<\/ul>\n<p>Kablo d\u0131\u015f kal\u0131nl\u0131\u011f\u0131 3.6mm<\/p>\n<p>\u00d6l\u00e7\u00fclendirme<\/p>\n<p>K\u0131rm\u0131z\u0131 ve siyah 14*0,10 0,22mm\u00b2 24AWG<\/p>\n<p>Ye\u015fil ve Beyaz 5*0,14 0,12mm\u00b2 26AWG<\/p>\n<p>&nbsp;<\/p>\n<p><strong>\u00d6ZELL\u0130KLER<\/strong><\/p>\n<p>Parametre ko\u015fullar\u0131\/a\u00e7\u0131klama min. tip maks. birim<\/p>\n<p>Voltaj ; 5vdc &#8211; 30 Vdc<\/p>\n<p>Anl\u0131k ak\u0131m : 2.1 A<\/p>\n<p>Maksimum \u0130letken direnci 0,10 \u03a9<\/p>\n<p>yal\u0131t\u0131m direnci 300 Vdc 10 M\u03a9<\/p>\n<p>\u00c7al\u0131\u015fma s\u0131cakl\u0131\u011f\u0131 -20 &#8211; 80 \u00b0C[\/vc_column_text][\/vc_column][\/vc_row][vc_row][vc_column][vc_column_text]<\/p>\n\t\t\t<link rel=\"stylesheet\" id=\"wd-mfp-popup-css\" href=\"https:\/\/noiseteknoloji.com\/wp-content\/themes\/woodmart\/css\/parts\/lib-magnific-popup.min.css?ver=6.5.4\" type=\"text\/css\" media=\"all\" \/> \t\t\t\n\t\t<style type=\"text\/css\">\n\t\t\t#gallery-1 {\n\t\t\t\tmargin: auto;\n\t\t\t}\n\t\t\t#gallery-1 .gallery-item {\n\t\t\t\tfloat: left;\n\t\t\t\tmargin-top: 10px;\n\t\t\t\ttext-align: center;\n\t\t\t\twidth: 12%;\n\t\t\t}\n\t\t\t#gallery-1 img {\n\t\t\t\tborder: 2px solid #cfcfcf;\n\t\t\t}\n\t\t\t#gallery-1 .gallery-caption {\n\t\t\t\tmargin-left: 0;\n\t\t\t}\n\t\t\t\/* see gallery_shortcode() in wp-includes\/media.php *\/\n\t\t<\/style>\n\t\t<div id='gallery-1' class='gallery galleryid-337 gallery-columns-8 gallery-size-thumbnail'><dl class='gallery-item'>\n\t\t\t<dt class='gallery-icon portrait'>\n\t\t\t\t<a href='https:\/\/noiseteknoloji.com\/index.php\/s_serisi_datasheet\/telefona-jjjj\/'><img width=\"150\" height=\"150\" src=\"https:\/\/noiseteknoloji.com\/wp-content\/uploads\/2022\/10\/telefona-jjjj-150x150.png\" class=\"attachment-thumbnail size-thumbnail\" alt=\"\" decoding=\"async\" loading=\"lazy\" \/><\/a>\n\t\t\t<\/dt><\/dl><dl class='gallery-item'>\n\t\t\t<dt class='gallery-icon landscape'>\n\t\t\t\t<a href='https:\/\/noiseteknoloji.com\/index.php\/s_serisi_datasheet\/iphone-2\/'><img width=\"150\" height=\"150\" src=\"https:\/\/noiseteknoloji.com\/wp-content\/uploads\/2022\/10\/iphone-1-150x150.jpg\" class=\"attachment-thumbnail size-thumbnail\" alt=\"\" decoding=\"async\" loading=\"lazy\" srcset=\"https:\/\/noiseteknoloji.com\/wp-content\/uploads\/2022\/10\/iphone-1-150x150.jpg 150w, https:\/\/noiseteknoloji.com\/wp-content\/uploads\/2022\/10\/iphone-1-300x300.jpg 300w, https:\/\/noiseteknoloji.com\/wp-content\/uploads\/2022\/10\/iphone-1.jpg 375w\" sizes=\"(max-width: 150px) 100vw, 150px\" \/><\/a>\n\t\t\t<\/dt><\/dl><dl class='gallery-item'>\n\t\t\t<dt class='gallery-icon landscape'>\n\t\t\t\t<a href='https:\/\/noiseteknoloji.com\/index.php\/s_serisi_datasheet\/attachment\/67\/'><img width=\"150\" height=\"150\" src=\"https:\/\/noiseteknoloji.com\/wp-content\/uploads\/2022\/10\/67-150x150.png\" class=\"attachment-thumbnail size-thumbnail\" alt=\"\" decoding=\"async\" loading=\"lazy\" \/><\/a>\n\t\t\t<\/dt><\/dl><dl class='gallery-item'>\n\t\t\t<dt class='gallery-icon portrait'>\n\t\t\t\t<a href='https:\/\/noiseteknoloji.com\/index.php\/s_serisi_datasheet\/jhgfhk77siz-1-2\/'><img width=\"150\" height=\"150\" src=\"https:\/\/noiseteknoloji.com\/wp-content\/uploads\/2022\/10\/jhgfhk77siz-1-1-150x150.png\" class=\"attachment-thumbnail size-thumbnail\" alt=\"\" decoding=\"async\" loading=\"lazy\" aria-describedby=\"gallery-1-442\" \/><\/a>\n\t\t\t<\/dt>\n\t\t\t\t<dd class='wp-caption-text gallery-caption' id='gallery-1-442'>\n\t\t\t\tS serisi Kal\u0131p ve \u00d6zellikleri\n\t\t\t\t<\/dd><\/dl><dl class='gallery-item'>\n\t\t\t<dt class='gallery-icon portrait'>\n\t\t\t\t<a href='https:\/\/noiseteknoloji.com\/index.php\/s_serisi_datasheet\/s50-acik-duzpaket-medium\/'><img width=\"150\" height=\"150\" src=\"https:\/\/noiseteknoloji.com\/wp-content\/uploads\/2022\/10\/s50-acik-duzpaket-Medium-150x150.png\" class=\"attachment-thumbnail size-thumbnail\" alt=\"\" decoding=\"async\" loading=\"lazy\" \/><\/a>\n\t\t\t<\/dt><\/dl><dl class='gallery-item'>\n\t\t\t<dt class='gallery-icon portrait'>\n\t\t\t\t<a href='https:\/\/noiseteknoloji.com\/index.php\/s_serisi_datasheet\/s100-medium\/'><img width=\"150\" height=\"150\" src=\"https:\/\/noiseteknoloji.com\/wp-content\/uploads\/2022\/10\/s100-Medium-150x150.png\" class=\"attachment-thumbnail size-thumbnail\" alt=\"\" decoding=\"async\" loading=\"lazy\" \/><\/a>\n\t\t\t<\/dt><\/dl>\n\t\t\t<br style='clear: both' \/>\n\t\t<\/div>\n\n<p>[\/vc_column_text][\/vc_column][\/vc_row]<\/p>\n","protected":false},"excerpt":{"rendered":"<p>[vc_row][vc_column width=&#8221;1\/2&#8243;][vc_single_image image=&#8221;340&#8243; img_size=&#8221;medium&#8221; alignment=&#8221;center&#8221;][vc_single_image image=&#8221;342&#8243; img_size=&#8221;medium&#8221; alignment=&#8221;center&#8221;][\/vc_column][vc_column width=&#8221;1\/2&#8243;][vc_column_text]\u00d6ZELL\u0130KLER USB 2.0 USB A male to Type-C Micro, Lightning male connector<\/p>\n","protected":false},"author":4,"featured_media":0,"parent":0,"menu_order":0,"comment_status":"closed","ping_status":"closed","template":"","meta":{"_mi_skip_tracking":false},"aioseo_notices":[],"_links":{"self":[{"href":"https:\/\/noiseteknoloji.com\/index.php\/wp-json\/wp\/v2\/pages\/337"}],"collection":[{"href":"https:\/\/noiseteknoloji.com\/index.php\/wp-json\/wp\/v2\/pages"}],"about":[{"href":"https:\/\/noiseteknoloji.com\/index.php\/wp-json\/wp\/v2\/types\/page"}],"author":[{"embeddable":true,"href":"https:\/\/noiseteknoloji.com\/index.php\/wp-json\/wp\/v2\/users\/4"}],"replies":[{"embeddable":true,"href":"https:\/\/noiseteknoloji.com\/index.php\/wp-json\/wp\/v2\/comments?post=337"}],"version-history":[{"count":8,"href":"https:\/\/noiseteknoloji.com\/index.php\/wp-json\/wp\/v2\/pages\/337\/revisions"}],"predecessor-version":[{"id":451,"href":"https:\/\/noiseteknoloji.com\/index.php\/wp-json\/wp\/v2\/pages\/337\/revisions\/451"}],"wp:attachment":[{"href":"https:\/\/noiseteknoloji.com\/index.php\/wp-json\/wp\/v2\/media?parent=337"}],"curies":[{"name":"wp","href":"https:\/\/api.w.org\/{rel}","templated":true}]}}